9*d - 86. Give u(38).
636
Let d(z) = 101*z**2 + 6*z + 18. Calculate d(0).
18
Let p(r) = -2*r**2 + 70*r - 14. Calculate p(35).
-14
Let t(a) = 831*a + 1659. Calculate t(-2).
-3
Let c(h) = 10*h + 166. Calculate c(-32).
-154
Let b(n) = n**3 + 29*n**2 - 20*n + 274. Give b(-30).
-26
Let t(i) = 27*i + 592. Determine t(-20).
52
Let b(g) = g**3 + 7*g**2 + 5*g - 6. Calculate b(-4).
22
Let q(c) = 400*c - 3234. Give q(8).
-34
Let u(q) = q**3 - 404*q**2 + 605*q - 81394. Give u(403).
12
Let q(z) = -34*z - 1045. Determine q(-40).
315
Let c(h) = 352*h - 10905. Determine c(31).
7
Let x(q) = q**2 - 24*q + 42. Determine x(16).
-86
Let p(x) = x**2 - 104*x + 126. Calculate p(100).
-274
Let o(w) = -5*w - 184. Determine o(-6).
-154
Let m(s) = -31*s + 93. What is m(9)?
-186
Let w(k) = -32*k**3 + k**2 + k - 1. Calculate w(1).
-31
Let w(i) = -35*i + 416. Determine w(12).
-4
Let m(g) = 2*g**3 + 67*g**2 + 58*g + 833. Give m(-33).
8
Let v(j) = -j**3 + 33*j**2 - 2*j + 69. Calculate v(33).
3
Let r(s) = -s**3 + 75*s**2 + 98*s - 1657. Give r(76).
15
Let t(g) = -3*g**3 + 44*g**2 + g + 219. Give t(15).
9
Let v(t) = 2*t**2 + 9665*t - 87149. Give v(9).
-2
Let c(r) = r**2 - 699*r - 2109. Give c(-3).
-3
Let g(d) = 56*d**2 - 158*d - 303. Give g(-2).
237
Let o(r) = -r**3 - 12*r**2 - 11*r + 24. Give o(-10).
-66
Let k(m) = 232*m + 3268. Determine k(-15).
-212
Let a(n) = -n**3 + 5*n**2 + 14*n + 27. Calculate a(7).
27
Let q(y) = 846*y + 15230. What is q(-18)?
2
Let r(v) = -v**2 + 47*v + 429. Give r(-8).
-11
Let z(o) = -o**3 + 267*o**2 - 1071*o + 7. What is z(4)?
-69
Let s(w) = -w**3 - 19*w**2 - 54*w - 15. Calculate s(-16).
81
Let j(x) = 36*x**3 - 8*x**2 - 16*x + 3. Calculate j(-2).
-285
Let b(q) = 22*q - 397. What is b(19)?
21
Let c(r) = r**3 + 9*r**2 + 10*r + 57. Give c(-11).
-295
Let o(p) = p**3 - 25*p**2 + 282*p - 994. Determine o(6).
14
Let n(l) = -l**3 - 101*l**2 - 293*l + 97. Calculate n(-98).
-1
Let u(t) = t**2 + 61*t + 501. Determine u(-18).
-273
Let i(l) = -l**2 - 9*l + 13. Determine i(-16).
-99
Let a(k) = -k**2 + 11*k + 240. Calculate a(-13).
-72
Let m(i) = 24*i - 242. Calculate m(11).
22
Let k(z) = z**2 - 4*z - 1002. Calculate k(-30).
18
Let l(x) = 15*x**2 + 201*x + 69. What is l(-13)?
-9
Let l(i) = -i**3 + 4*i**2 + 3*i + 16. Determine l(5).
6
Let u(w) = -2*w**2 - 135*w + 1047. What is u(7)?
4
Let s(q) = -q**2 - 308*q - 1780. Calculate s(-6).
32
Let h(l) = -2*l**3 - 14*l**2 + 18*l - 24. Determine h(-7).
-150
Let d(r) = -r**2 - 749*r - 6622. What is d(-9)?
38
Let v(x) = -x**2 + 131. Calculate v(12).
-13
Let m(p) = -442*p + 10519. Give m(24).
-89
Let q(b) = b**2 + 55*b - 377. Calculate q(6).
-11
Let i(w) = -19*w - 190. Give i(-11).
19
Let x(n) = 453*n - 16308. What is x(36)?
0
Let a(f) = 64*f - 2792. Calculate a(40).
-232
Let m(o) = -68*o**2 + 253*o + 252. Calculate m(-1).
-69
Let x(a) = -2*a + 60. Determine x(-14).
88
Let i(d) = -3*d + 503. What is i(130)?
113
Let t(p) = 6*p + 15. What is t(-32)?
-177
Let w(j) = -6*j**3 - 6*j**2 + 11*j - 10. Determine w(2).
-60
Let p(s) = -2*s**2 + 189*s - 10. What is p(93)?
269
Let h(i) = -101*i + 14. Calculate h(1).
-87
Let i(g) = -10*g**3 - 924*g**2 + 559*g + 109. What is i(-93)?
16
Let g(r) = 7*r**2 - 448*r - 2. Determine g(64).
-2
Let z(c) = -2*c**3 - 57*c**2 - 323*c - 14. Give z(-6).
304
Let v(i) = -11*i - 4. Determine v(8).
-92
Let k(i) = -i**3 - 34*i**2 - 284*i + 23. Determine k(-19).
4
Let o(m) = m**3 + 30*m**2 + 32*m - 30. What is o(-29)?
-117
Let n(j) = -48*j**2 + 535*j + 62. Calculate n(11).
139
Let q(d) = 2*d**3 + 39*d**2 - 19*d - 51. Give q(-20).
-71
Let o(v) = -2*v**2 - 177*v + 4719. Give o(-110).
-11
Let m(a) = 56*a**3 + 2*a**2 + a. Calculate m(-1).
-55
Let a(f) = 254*f - 4408. Determine a(20).
672
Let x(m) = 6*m**2 - 92*m - 362. What is x(-4)?
102
Let a(t) = 4*t**2 + 344*t + 6906. What is a(-32)?
-6
Let s(u) = -u**2 + 25*u - 217. Give s(13).
-61
Let k(x) = -x**3 - 15*x**2 + 33*x + 1. What is k(-17)?
18
Let f(d) = 18*d**2 - 524*d + 69. Give f(29).
11
Let l(t) = -113*t + 313. What is l(3)?
-26
Let t(m) = 33*m - 468. Determine t(15).
27
Let b(s) = 63*s + 102. Calculate b(-2).
-24
Let n(h) = 3*h**3 - 2*h**2 + 48*h - 165. What is n(4)?
187
Let r(h) = -61*h - 173. What is r(5)?
-478
Let q(z) = -3409*z + 3400. What is q(1)?
-9
Let o(j) = -9*j + 79. Give o(7).
16
Let u(z) = -201*z + 33. What is u(-2)?
435
Let u(d) = d**2 - 44*d + 431. Determine u(30).
11
Let l(b) = -8*b**2 - 7*b + 434. What is l(0)?
434
Let m(n) = -2*n**3 - n**2 + 43*n - 91. Calculate m(3).
-25
Let k(z) = -z**3 - 37*z**2 + 4*z + 155. Calculate k(-37).
7
Let o(f) = 1320*f - 1313. Give o(1).
7
Let o(q) = -49*q**2 + 1126*q + 25. Give o(23).
2
Let a(t) = -51*t - 181. Give a(-4).
23
Let u(v) = -601*v - 5506. Give u(-9).
-97
Let s(r) = -3*r**2 - 123*r - 1059. Calculate s(-29).
-15
Let g(z) = -20*z - 81. Determine g(-10).
119
Let x(o) = -o**3 - 2*o**2 - 13*o - 1062. What is x(0)?
-1062
Let k(z) = -2516*z + 22638. Give k(9).
-6
Let b(h) = -4*h - 176. Give b(-45).
4
Let x(o) = 2*o - 168. Give x(88).
8
Let a(t) = 3*t**2 - 85*t + 155. What is a(30)?
305
Let h(t) = t**3 + 36*t**2 + 222*t + 15. Give h(-7).
-118
Let s(t) = t**3 + 10*t**2 - 30*t + 7. Give s(-13).
-110
Let w(y) = -5*y**2 - 11*y + 216. Determine w(-8).
-16
Let u(d) = 6*d - 66. Give u(12).
6
Let w(b) = -2*b**2 + 1041*b + 25000. What is w(-23)?
-1
Let y(o) = o**3 + 3*o**2 - 268*o - 14. Determine y(15).
16
Let h(w) = -28*w + 249. Calculate h(9).
-3
Let p(s) = -94*s**3 + 25*s**2 - 28*s + 4. Determine p(1).
-93
Let s(r) = -3*r**3 - 26*r**2 + 11*r - 21. Determine s(-9).
-39
Let z(i) = 568*i + 2267. Give z(-4).
-5
Let t(y) = -39*y - 390. Calculate t(-13).
117
Let t(i) = -i**3 + 54*i**2 - 335*i + 255. What is t(47)?
-27
Let l(d) = -2*d**2 - 2*d - 5. Give l(7).
-117
Let l(k) = 2*k**3 - 15*k**2 + 19*k + 8. Determine l(6).
14
Let i(t) = -661*t - 44288. What is i(-67)?
-1
Let f(m) = 2*m**2 + 109*m - 1813. Calculate f(-68).
23
Let s(l) = -2829*l + 2819. What is s(1)?
-10
Let h(l) = 2*l - 86. What is h(63)?
40
Let v(c) = c**3 - 13*c**2 + 44*c - 115. What is v(8)?
-83
Let b(n) = -71*n + 4623. Calculate b(65).
8
Let h(w) = 25*w - 13. Calculate h(3).
62
Let j(g) = 6*g**3 - 136*g**2 - 347*g - 74. What is j(25)?
1
Let k(v) = -v**2 + 12*v - 1. Determine k(16).
-65
Let b(h) = -3*h**2 + 16*h + 19. Give b(4).
35
Let f(l) = 5*l**3 + 10*l**2 - 2*l + 7. Give f(-3).
-32
Let o(t) = -t**2 + 4*t + 61. Calculate o(6).
49
Let j(w) = w**3 + 18*w**2 + 92*w - 12. What is j(-10)?
-132
Let w(o) = -39*o**2 + 47*o + 6. What is w(4)?
-430
Let z(h) = 2764*h + 8332. Determine z(-3).
40
Let v(x) = -229*x + 3227. Give v(14).
21
Let i(p) = -3*p**2 - 97*p - 640. What is i(-23)?
4
Let b(y) = -3*y**3 + 77*y**2 - 49*y - 33. Give b(25).
-8
Let m(p) = 189*p + 254. Calculate m(-1).
65
Let g(w) = -13*w**2 - 72*w - 2. What is g(-6)?
-38
Let y(s) = -48*s + 2840. Calculate y(54).
248
Let d(t) = -t - 155. What is d(11)?
-166
Let b(m) = 8*m**3 + 30*m**2 + 8*m - 18. Calculate b(-3).
12
Let v(b) = 9*b + 304. Calculate v(-45).
-101
Let p(v) = v**3 + 27*v**2 - 10*v - 174. Calculate p(-27).
96
Let f(m) = 21*m**2 + 626*m - 33. What is f(-30)?
87
Let p(x) = 7*x**2 - 72*x - 66. Determine p(11).
-11
Let h(k) = 5*k**2 - 1028*k - 13048. Give h(-12).
8
Let z(x) = -46*x**2 - 279*x - 25. What is z(-6)?
-7
Let i(d) = -d**3 - 89*d**2 - 282*d - 2058. What is i(-86)?
6
Let c(m) = -64*m + 1277. What is c(20)?
-3
Let j(p) = 30*p**3 + 35*p**2 - 26*p - 10. Give j(1).
29
Let w(r) = 3*r**3 + 5*r**2 - 33*r + 15. Determine w(-7).
-538
Let m(s) = -98*s + 2050. Give m(21).
-8
Let c(o) = -7*o**3 + 4*o**2 + 13*o - 14. Calculate c(1).
-4
Let x(p) = 21*p + 4569. What is x(-218)?
-9
Let w(m) = -39*m**2 - 19*m - 7. Give w(-2).
-125
Let k(l) = 2*l**3 + l**2 - 12*l - 1. Determine k(-5).
-166
Let w(s) = s**3 - 26*s**2 + 23*s - 4. Give w(5).
-414
Let y(x) = 3*x**3 + 8*x**2 - 10*x - 47. Determine y(-4).
-71
Let y(s) = s**3 + 34*s**2 + 34*s + 12. What is y(-33)?
-21
Let c(f) = 2*f**3 - 59*f**2 - 237*f + 227. Give c(33).
29
Let f(g) = -3*g**2 - 15*g + 3. Give f(-5).
3
Let t(x) = -x**3 - 5*x**2 + 95*x + 445. Calculate t(-5).
-30
Let u(t) = -t**3 - 8*t**2 - 17*t - 3. What is u(-8)?
133
Let v(j) = -6*j**2 + 106*j - 293. Determine v(10).
167
Let c(v) = -v**3 + 89*v**2 - 721*v + 71. What is c(80)?
-9
Let l(v) = 5*v 